j. What are the prime factors of q?
2, 3
What are the prime factors of (24 - -6)/(1/1)?
2, 3, 5
Let q(j) = -j**3 - 7*j**2 - 4*j - 4. Let r be q(-3). Let x = -126 - -87. Let o = r - x. What are the prime factors of o?
11
Let w = -28 - -86. What are the prime factors of w?
2, 29
Suppose -4 = -4*i + 108. List the prime factors of i.
2, 7
What are the prime factors of (1*(1 + -14))/(13/(-78))?
2, 3, 13
Let t = 7 + -4. Let m = 1 + t. List the prime factors of m.
2
Let f(o) = o**2 + 1. Let l be f(-2). Suppose 3*a - 3*p - 60 = 0, -4*a - l*p + 37 = 2. What are the prime factors of a/6*1*2?
5
Suppose -6*k + 3*k + 12 = 0. Suppose 2*b + 4*q = -14, 4*q - 6 + 29 = b. Suppose -5 = -k*w + b. List the prime factors of w.
2
Let g = 3 - 4. Let r be (-1)/g - (3 - -2). Let k(s) = 2*s**2 + 5*s - 3. List the prime factors of k(r).
3
Suppose -2*g = g - 9. Suppose 9 = 4*d + 21. Let q = g - d. List the prime factors of q.
2, 3
Let g be (77/14)/((-1)/2). Let t = g - -19. List the prime factors of t.
2
Let c be 0/(-2 - 0) + 4. Suppose -2*n - 4*s + 52 = 2*n, 2*s = -c*n + 58. List the prime factors of n.
2
Let o(c) = -11*c - 32. What are the prime factors of o(-12)?
2, 5
Let y be (-3)/(-2) - 17/2. Let z(c) be the third derivative of -c**6/120 - 2*c**5/15 - 5*c**4/12 - 7*c**3/6 + c**2. List the prime factors of z(y).
2, 7
Suppose 0 = -3*p + 37 + 2. Suppose 29 = -4*u - 4*j + 9, -2*u = -j + p. List the prime factors of (u + 5)*5*-1.
5
Suppose -4*y + 3*s + 5 = 1, -2*y + 3*s = -2. What are the prime factors of (-1 - y)*(-22)/4?
11
Suppose -81 = -l - 7*g + 3*g, 174 = 2*l + 2*g. List the prime factors of l.
89
Let q = -13 - -45. What are the prime factors of q?
2
Suppose 0 = -2*b + 3*a + 39, 3*b + 2*b + 4*a - 109 = 0. Suppose 4*h = h + b. List the prime factors of h.
7
Let b(a) = 94*a + 25. List the prime factors of b(3).
307
Let i = 0 - -35. What are the prime factors of i?
5, 7
Let g = 8 + 3. List the prime factors of g.
11
Suppose 0 = -d + 3 + 3. Let i = -2 - d. Let c = i + 11. What are the prime factors of c?
3
Let x = 11 + -13. Let p = 13 + -6. List the prime factors of x*(-3 - -2) + p.
3
Let q(s) be the third derivative of -3/40*s**6 - 1/6*s**3 + 0 + 0*s + s**2 - 1/24*s**4 + 1/60*s**5. List the prime factors of q(-1).
2, 5
Let u(f) = -f + 9. Let l be u(4). Suppose l*q - 11 = t, 0*t + 5*q = 4*t - 16. List the prime factors of t.
3
Let g = 75 + -44. Let x = 51 - g. What are the prime factors of x?
2, 5
Let m = 236 + -124. What are the prime factors of m?
2, 7
Let t(d) = -2 + 4*d**2 + d**3 - d**2 + 7 + 0*d**2 - 2*d. Let u be t(-4). List the prime factors of (2/u)/(5/(-75)).
2, 5
Let p(g) = -4 + 2 - g + 8*g**2 + g**3 - 3. Let m(f) = f**3 + 3*f**2 - 7*f + 7. Let n be m(-5). What are the prime factors of p(n)?
3
Let t(p) = 2*p**3 - p**2 - 2*p. Let z = -13 + 18. Suppose -5*k + 2*i = -i - 13, -z*k + 12 = -2*i. List the prime factors of t(k).
2
Suppose 3*o - 6 = 357. What are the prime factors of o?
11
Let t(u) be the second derivative of 31*u**3/6 - 5*u**2/2 - 2*u. List the prime factors of t(2).
3, 19
Let r be 0/1 + -3 + 4. What are the prime factors of (0 + r - -13) + -3?
11
Let b = 9 + -4. Let v(x) = x**2 - x - 1. Let h be v(b). Suppose -4*c = -5 - h. What are the prime factors of c?
2, 3
Suppose 0 = -12*f - 3*f + 2025. What are the prime factors of f?
3, 5
Suppose 246 - 66 = 5*a. What are the prime factors of a?
2, 3
Let x = 332 + -55. What are the prime factors of x?
277
Let f be (-5)/2*(-72)/20. Suppose 5*u - f = 1. Suppose u*s = l + 26, 4*l = 4*s - 60 + 4. What are the prime factors of s?
2, 3
Suppose 0 = 6*g - g - 10. Suppose -g*l - q = l - 28, 0 = -3*l + q + 26. List the prime factors of l.
3
Suppose 4*f - 20 - 13 = -t, 138 = 3*t - f. What are the prime factors of t?
3, 5
Let v(m) be the second derivative of -m**5/20 - m**4/12 + m**3/2 + 2*m**2 + m. List the prime factors of v(-3).
13
Suppose -h + 4*d - 608 = -3*h, -1465 = -5*h + d. List the prime factors of h.
2, 3, 7
Let u = -3 + 5. Suppose 5*g - u*v = 190, 0*g = 4*g - 3*v - 145. What are the prime factors of g?
2, 5
Suppose 20*v - 9*v - 1782 = 0. List the prime factors of v.
2, 3
Let b be (318*9)/((-12)/8). What are the prime factors of (-4)/14 - b/63?
2, 3, 5
Let j be (-20)/5*314/(-8). Suppose 29 = -4*v + j. List the prime factors of v.
2
Let u(a) = -a**3 + 2*a + 1. Let m be u(-2). Suppose -3*q - s + 35 = 0, -2*s = m - 15. What are the prime factors of q?
2, 5
Let h(l) = 0*l + l + 5 - 3*l**2 + 4*l**2 - 3. List the prime factors of h(-6).
2
Let t = 19 - 16. Suppose 45 = k + 3*w + 2*w, -t*k = w - 107. What are the prime factors of k?
5, 7
Suppose 0 = -7*d + 6*d + 209. List the prime factors of d.
11, 19
Suppose w + m - 38 = 92, w - 114 = 3*m. List the prime factors of w.
2, 3, 7
Let t(b) = b**3 + 3*b**2 - b - 2. Let u be t(-2). Suppose u*l + 2*w + 26 = 4*w, -5*w + 5 = 5*l. List the prime factors of ((-3)/l)/(6/24).
3
Let d be (9/(-4))/((-3)/32). Suppose -5*b + 3*b = -d. What are the prime factors of b?
2, 3
Suppose -251 = -5*l + 8*a - 6*a, 5*l + 2*a = 259. List the prime factors of l.
3, 17
Let i(y) = 8*y + 7*y + 5 - 10*y. List the prime factors of i(5).
2, 3, 5
Suppose 3*n - y - 47 = 129, 5*y = 5*n - 310. List the prime factors of n.
3, 19
Let x be (-111)/(12/(-8) + 0). Suppose c + c = x. What are the prime factors of c?
37
Let k(f) = -f**2 + 3*f + 5. Let q be k(4). Let m be 54/7 - (-4)/14. Let z = m - q. What are the prime factors of z?
7
What are the prime factors of (453/(-15))/(2/(-10))?
151
Let w be 4/(-8) - 39/2. Let g be 27/5 + 8/w. List the prime factors of ((-48)/(-15))/(1/g).
2
Let x be ((-3)/(-6))/((-2)/(-48)). Let b(i) = 5*i - 13. List the prime factors of b(x).
47
Suppose -b = 1 + 4. Let x(s) = -s**2 + 4 - s**2 + 3*s + 3*s**2. List the prime factors of x(b).
2, 7
Let k(o) = -3*o**3 - o**2 + 1. Let b be k(-1). Suppose b*q - 16 = -3*n + 80, -3*n - 2*q + 100 = 0. What are the prime factors of n?
2, 3
Let a(q) = q**2 + 10*q - 1. Let r(b) = -b - 7. Let t be r(5). What are the prime factors of a(t)?
23
Let g(k) = 7*k + 15. List the prime factors of g(5).
2, 5
Let c(n) = -n**2. Let h(i) = -i**3 + 6*i**2 - 8*i - 4. Let s(x) = -2*c(x) + h(x). Let g be s(7). List the prime factors of 0 - -1 - g - 2.
2, 5
Let v = -13 - -21. What are the prime factors of v?
2
What are the prime factors of -5 - -4 - (1 + -69 + 0)?
67
What are the prime factors of -1 + 4 - 9/(-9)?
2
Suppose 0*u = -u. Suppose u = 4*f - 20, -2*q - 4*f + 9*f = -39. What are the prime factors of q?
2
List the prime factors of (-4)/(8/266*(-2)/4).
2, 7, 19
Suppose 0 = -2*p + p + 3. Suppose -p*y - 3*u = 2*u - 48, -2*y = u - 25. List the prime factors of y.
11
Let y = -44 - -149. List the prime factors of y.
3, 5, 7
List the prime factors of (-1)/(-3) + (-3565)/(-15).
2, 7, 17
What are the prime factors of (2*3/7)/(11/462)?
2, 3
Suppose 4 = -s, 3*s - 20 + 2 = -5*y. Let z(w) = w + 4. What are the prime factors of z(y)?
2, 5
Let k be 27/4 + (-1)/(-4). Let l = 14 - k. Suppose -l - 29 = -4*y. What are the prime factors of y?
3
Let o = 147 + -83. What are the prime factors of o?
2
Let x(f) = -f**3 + 5*f**2 + 2*f - 6. Let u be x(5). Suppose 5*v - 18 = 2*t, -4*v - 2*t = -2*v + u. List the prime factors of v.
2
Let x(v) = -2*v**3 - 4*v**3 + 3*v**3 - 4*v + 2*v**3 - 3*v**2 - 2. Let l be x(-2). Suppose 4 - 82 = -4*a - l*c, c = 4*a - 63. What are the prime factors of a?
17
What are the prime factors of 4 + -5*52/(-4)?
3, 23
Let a(k) = k**3 - 7*k**2 + 2*k - 6. Let u be a(7). Suppose -40 - 8 = -2*o. Suppose u + o = 4*l. What are the prime factors of l?
2
Suppose 60 = 4*y + y. List the prime factors of (-8)/y - (-148)/6.
2, 3
Suppose 3*u - 217 = -5*w, -4*w + 54 = 3*u - 158. Let a = u - 17. Suppose -a = -4*c - 11. List the prime factors of c.
3
Let n(t) = t**2 - 10*t + 12. Let j be n(9). Let g be (-3)/j*12/(-2). Let k = 23 - g. What are the prime factors of k?
17
Suppose 4*t + 27 = 91. What are the prime factors of t?
2
Let l(y) = -y**2 + 2*y + 3. Let g be l(3). Suppose g = -p + 16 + 5. What are the prime factors of p?
3, 7
Let o(m) = m**3 - 8*m + 5*m**2 - m**2 - 3 - 4. Let q be o(-5). Suppose q*h - 3*h - 60 = 3*u, -4*u = 20. List the prime factors of h.
3
Let b be (-208)/(-14) - 3/(-21). Suppose 0 = c - 6*c + b. Let n(k) = -k**3 + 6*k**2 - 2*k - 3. What are the prime fa